4 (base 9) in base 3?
1011
Convert -12 (base 6) to base 4.
-20
Convert 0 (base 15) to base 5.
0
What is -100 (base 2) in base 12?
-4
What is -4 (base 6) in base 8?
-4
What is -91 (base 12) in base 4?
-1231
-3 (base 5) to base 15
-3
What is 6 (base 9) in base 8?
6
Convert 111 (base 5) to base 12.
27
-21 (base 6) to base 3
-111
Convert 2 (base 11) to base 6.
2
Convert -212 (base 3) to base 8.
-27
What is 34 (base 7) in base 14?
1b
-12221 (base 3) to base 14
-b6
Convert -4 (base 6) to base 10.
-4
10 (base 8) to base 16
8
Convert -431 (base 5) to base 12.
-98
What is 3 (base 14) in base 12?
3
Convert 5 (base 12) to base 16.
5
What is -1b (base 13) in base 10?
-24
What is -16 (base 11) in base 15?
-12
What is -3 (base 5) in base 14?
-3
4 (base 10) to base 9
4
Convert -6 (base 11) to base 8.
-6
What is -101 (base 3) in base 5?
-20
What is 11 (base 7) in base 6?
12
3 (base 15) to base 16
3
Convert -20 (base 14) to base 7.
-40
Convert 112 (base 14) to base 11.
183
What is -51 (base 6) in base 12?
-27
Convert 69 (base 12) to base 15.
56
Convert 14 (base 6) to base 7.
13
Convert -42 (base 8) to base 2.
-100010
-15 (base 14) to base 5
-34
What is -48 (base 13) in base 7?
-114
Convert 10 (base 9) to base 15.
9
4 (base 9) to base 2
100
2 (base 14) to base 6
2
Convert 0 (base 4) to base 12.
0
What is 33 (base 4) in base 2?
1111
What is 9a (base 13) in base 14?
91
What is -1000 (base 7) in base 12?
-247
What is 6c (base 15) in base 10?
102
Convert -30 (base 10) to base 7.
-42
11 (base 2) to base 6
3
Convert 33 (base 5) to base 15.
13
What is 100 (base 5) in base 6?
41
Convert 1 (base 14) to base 10.
1
-9 (base 11) to base 5
-14
What is -21 (base 7) in base 6?
-23
1a (base 15) to base 3
221
What is 22 (base 7) in base 12?
14
What is -14 (base 12) in base 14?
-12
Convert -19 (base 15) to base 2.
-11000
-21 (base 3) to base 6
-11
What is -244 (base 5) in base 11?
-68
Convert 10111 (base 3) to base 13.
73
16 (base 8) to base 9
15
Convert 119 (base 11) to base 14.
a1
What is 222 (base 12) in base 8?
472
What is 23 (base 15) in base 10?
33
-11 (base 2) to base 9
-3
What is -20 (base 7) in base 15?
-e
What is c (base 13) in base 3?
110
Convert -43 (base 12) to base 14.
-39
What is 15 (base 6) in base 3?
102
-2a (base 14) to base 3
-1102
-4 (base 10) to base 6
-4
Convert 330 (base 9) to base 15.
130
-3 (base 10) to base 13
-3
Convert -39 (base 14) to base 9.
-56
What is -3c (base 15) in base 12?
-49
What is 9 (base 14) in base 6?
13
-2 (base 6) to base 7
-2
Convert 136 (base 8) to base 11.
86
What is 111000 (base 2) in base 7?
110
Convert 1123 (base 5) to base 16.
a3
4 (base 12) to base 8
4
What is e (base 15) in base 9?
15
Convert -a (base 16) to base 8.
-12
1 (base 8) to base 13
1
Convert 4 (base 9) to base 6.
4
3d (base 16) to base 6
141
What is 111 (base 2) in base 5?
12
What is 152 (base 6) in base 5?
233
Convert -1010 (base 2) to base 3.
-101
-61 (base 11) to base 6
-151
Convert -5 (base 7) to base 3.
-12
-150 (base 7) to base 8
-124
What is -61 (base 7) in base 8?
-53
-9 (base 14) to base 15
-9
5 (base 16) to base 5
10
12 (base 16) to base 7
24
Convert 1 (base 9) to base 6.
1
What is 7 (base 14) in base 15?
7
What is 3 (base 12) in base 16?
3
-12121 (base 3) to base 11
-128
-11 (base 5) to base 16
-6
What is -9 (base 10) in base 12?
-9
Convert 9 (base 13) to base 3.
100
b (base 15) to base 10
11
Convert -1 (base 10) to base 2.
-1
Convert -100011 (base 2) to base 5.
-120
What is -210 (base 5) in base 4?
-313
What is -b9 (base 12) in base 15?
-96
-105 (base 14) to base 8
-311
Convert 10 (base 3) to base 5.
3
-10 (base 7) to base 10
-7
Convert 0 (base 15) to base 16.
0
Convert -15 (base 9) to base 2.
-1110
What is -38 (base 13) in base 12?
-3b
What is -60 (base 15) in base 16?
-5a
Convert 10 (base 2) to base 11.
2
Convert -1 (base 15) to base 7.
-1
Convert -2 (base 5) to base 8.
-2
What is 0 (base 2) in base 4?
0
-7 (base 15) to base 16
-7
What is -24 (base 11) in base 5?
-101
What is 4 (base 5) in base 9?
4
Convert -4 (base 12) to base 14.
-4
-4 (base 13) to base 14
-4
2 (base 8) to base 12
2
Convert 0 (base 9) to base 3.
0
What is 22 (base 10) in base 5?
42
-2 (base 12) to base 9
-2
-20 (base 3) to base 5
-11
Convert 5 (base 12) to base 10.
5
What is -100 (base 3) in base 5?
-14
What is -2103 (base 4) in base 15?
-9c
What is 23 (base 10) in base 7?
32
-1 (base 6) to base 9
-1
What is -3 (base 12) in base 15?
-3
Convert -22 (base 5) to base 16.
-c
What is 57 (base 14) in base 10?
77
Convert -56 (base 12) to base 13.
-51
-102 (base 3) to base 4
-23
What is 11 (base 9) in base 5?
20
What is -26 (base 9) in base 10?
-24
32 (base 16) to base 6
122
102 (base 4) to base 2
10010
What is -52 (base 8) in base 15?
-2c
What is 1 (base 13) in base 2?
1
-30 (base 4) to base 9
-13
Convert 10 (base 5) to base 12.
5
Convert 25 (base 9) to base 2.
10111
-101001 (base 2) to base 12
-35
Convert -7 (base 13) to base 9.
-7
1101 (base 3) to base 9
41
What is 1311 (base 5) in base 11?
178
22 (base 11) to base 3
220
What is 6 (base 14) in base 4?
12
Convert -1001010 (base 2) to base 11.
-68
Convert -2 (base 8) to base 6.
-2
12 (base 4) to base 15
6
Convert 140 (base 6) to base 10.
60
Convert -111 (base 4) to base 5.
-41
5 (base 8) to base 3
12
1 (base 13) to base 14
1
1a7 (base 11) to base 16
ee
Convert 45 (base 13) to base 10.
57
Convert -b (base 12) to base 10.
-11
Convert -5 (base 13) to base 7.
-5
Convert -6 (base 13) to base 4.
-12
What is 424 (base 7) in base 12?
15a
0 (base 9) to base 11
0
Convert -1 (base 10) to base 12.
-1
-12 (base 12) to base 16
-e
Convert -11 (base 11) to base 5.
-22
What is -3 (base 9) in base 15?
-3
44 (base 5) to base 9
26
Convert 10 (base 2) to base 15.
2
-200 (base 7) to base 12
-82
Convert -1432 (base 5) to base 4.
-3302
What is -a4 (base 15) in base 14?
-b0
-79 (base 13) to base 10
-100
Convert 54 (base 6) to base 13.
28
Convert -164 (base 8) to base 4.
-1310
What is -11011 (base 2) in base 12?
-23
50 (base 8) to base 3
1111
What is 36 (base 11) in base 12?
33
What is 2 (base 16) in base 13?
2
What is 33 (base 8) in base 16?
1b
27 (base 12) to base 6
51
What is -42 (base 5) in base 14?
-18
What is 15 (base 10) in base 13?
12
What is 11 (base 16) in base 13?
14
1d (base 14) to base 12
23
What is 5 (base 6) in base 15?
5
1001 (base 2) to base 9
10
Convert -8 (base 15) to base 12.
-8
Convert -11 (base 8) to base 5.
-14
Convert 2 (base 11) to base 6.
2
13 (base 8) to base 14
b
-27 (base 12) to base 5
-111
What is -3 (base 10) in base 5?
-3
Convert 1303 (base 4) to base 9.
137
What is -4 (base 15) in base 9?
-4
What is -99 (base 11) in base 15?
-73
What is 10010100 (base 2) in base 16?
94
Convert -a (base 11) to base 12.
-a
-9 (base 16) to base 2
-1001
What is 3221 (base 4) in base 14?
129
-3 (base 7) to base 10
-3
0 (base 12) to base 5
0
Convert -18 (base 12) to base 6.
-32
-42 (base 5) to base 6
-34
Convert 63 (base 15) to base 7.
162
Convert -13 (base 6) to base 16.
-9
Convert -24 (base 10) to base 11.
-22
What is -131 (base 5) in base 6?
-105
What is 19 (base 12) in base 9?
23
What is -131 (base 4) in base 8?
-35
-33 (base 6) to base 16
-15
-1 (base 4) to base 6
-1
What is -31 (base 10) in base 11?
-29
6 (base 11) to base 10
6
-13 (base 10) to base 4
-31
Convert 107 (base 16) to base 6.
1115
What is -2 (base 10) in base 3?
-2
Convert 121 (base 6) to base 13.
3a
What is -a (base 12) in base 14?
-a
Convert 7 (base 8) to base 3.
21
Convert -1011 (base 2) to base 13.
-b
Convert -57 (base 16) to base 9.
-106
What is -41 (base 15) in base 3?
-2021
63 (base 13) to base 16
51
Convert 12 (base 7) to base 9.
10
-5 (base 15) to base 12
-5
What is 85 (base 10) in base 7?
151
Convert -1 (base 9) to base 5.
-1
Convert -52 (base 13) to base 9.
-74
Convert 1 (base 5) to base 12.
1
Convert a (base 16) to base 3.
101
What is 1111011 (base 2) in base 5?
443
What is 114 (base 12) in base 7?
316
Convert -32 (base 4) to base 9.
-15
What is 2023 (base 4) in base 10?
139
Convert -1121 (base 3) to base 6.
-111
Convert 18 (base 12) to base 16.
14
Convert -1 (base 11) to base 4.
-1
Convert -121 (base 3) to base 6.
-24
-16 (base 9) to base 16
-f
What is 1202 (base 3) in base 16?
2f
1110 (base 2) to base 5
24
What is -4 (base 16) in base 8?
-4
What is 112 (base 11) in base 